{"id":156,"date":"2023-11-11T18:32:03","date_gmt":"2023-11-11T17:32:03","guid":{"rendered":"https:\/\/avocat-jouandon.com\/?page_id=156"},"modified":"2026-03-25T15:51:24","modified_gmt":"2026-03-25T14:51:24","slug":"compensoedeontologia","status":"publish","type":"page","link":"https:\/\/avocat-jouandon.com\/index.php\/it\/compensoedeontologia\/","title":{"rendered":"Compenso e deontologia"},"content":{"rendered":"\n<div class=\"wp-block-cover alignfull is-light has-parallax\" style=\"min-height:170px;aspect-ratio:unset;\"><span aria-hidden=\"true\" class=\"wp-block-cover__background has-background-dim-0 has-background-dim\"><\/span><div class=\"wp-block-cover__image-background wp-image-1513 has-parallax\" style=\"background-position:50% 50%;background-image:url(http:\/\/avocat-jouandon.com\/wp-content\/uploads\/2023\/12\/4-Saluer-scaled.jpg)\"><\/div><div class=\"wp-block-cover__inner-container is-layout-flow wp-block-cover-is-layout-flow\">\n<p class=\"has-text-align-center has-large-font-size\"><\/p>\n<\/div><\/div>\n\n\n\n<div class=\"wp-block-columns is-layout-flex wp-container-core-columns-is-layout-1 wp-block-columns-is-layout-flex\">\n<div class=\"wp-block-column is-layout-flow wp-block-column-is-layout-flow\">\n<p class=\"has-text-color has-medium-font-size\" style=\"color:#adadad\"><strong>COMPENSO E DEONTOLOGIA<\/strong><\/p>\n\n\n\n<h2 style=\"text-align: justify;\"><span style=\"color: #044689;\">Rispettiamo i <strong>TERMINI DEL NOSTRO ACCORDO<\/strong><\/span><\/h2>\n<p style=\"text-align: justify;\"><span style=\"color: #000000;\">Salvo casi di emergenza o di forza maggiore, <strong>prima dell&rsquo;inizio di qualsiasi tipo di servizio viene sistematicamente redatto un accordo<\/strong> sul compenso che <strong>definisce il nostro rapporto contrattuale.<\/strong><\/span><\/p>\n<ul>\n<li style=\"text-align: justify;\"><span style=\"color: #000000;\"><strong>caratteristiche essenziali<\/strong> del servizio,<\/span><\/li>\n<li style=\"text-align: justify;\"><span style=\"color: #000000;\"><strong>descrizione dettagliata<\/strong> del lavoro essenziale,<\/span><\/li>\n<li style=\"text-align: justify;\"><span style=\"color: #000000;\">modalit\u00e0 di <strong>esecuzione del lavoro,<\/strong><\/span><\/li>\n<li style=\"text-align: justify;\"><span style=\"color: #000000;\"><strong>importo e metodo di determinazione dell&rsquo;ammontare degli onorari<\/strong> e delle spese,<\/span><\/li>\n<li style=\"text-align: justify;\"><span style=\"color: #000000;\">termini di<strong> pagamento, scadenze e interessi di mora,<\/strong><\/span><\/li>\n<li style=\"text-align: justify;\"><span style=\"color: #000000;\">casi di <strong>risoluzione dell&rsquo;accordo<\/strong>.<\/span><\/li>\n<\/ul>\n<p style=\"text-align: justify;\"><span style=\"color: #000000;\">In <strong>caso di aggiunta o modifica dell&rsquo;ambito del nostro incarico,<\/strong> vi chiederemo di rinnovare il vostro accordo per iscritto.<\/span><\/p>\n\n\n\n<h1 style=\"text-align: center;\"><span style=\"color: #044689;\"><strong>\u2234<\/strong><\/span><\/h1>\n\n\n\n<h2 style=\"text-align: justify;\"><span style=\"color: #044689;\">Una <strong>FATTURAZIONE RAGIONEVOLE E TRASPARENTE<\/strong><\/span><\/h2>\n<p style=\"text-align: justify;\"><span style=\"color: #000000;\">Il <strong>compenso dell&rsquo;avvocato \u00e8 costituito dagli onorari<\/strong> (per la consulenza, la redazione, la negoziazione, l&rsquo;assistenza o la rappresentanza in giudizio) e <strong>dalle spese anticipate<\/strong> per conto del cliente.<\/span><\/p>\n<p style=\"text-align: justify;\"><span style=\"color: #000000;\">L&rsquo;<strong>onorario viene fissato secondo<\/strong> la prassi abituale, in funzione della situazione finanziaria del cliente, della difficolt\u00e0 del caso, delle spese sostenute dall&rsquo;avvocato, della sua reputazione e della sua diligenza. Il nostro studio applica una politica di fatturazione ragionevole.<\/span><\/p>\n<p style=\"text-align: center;\"><span style=\"text-decoration: underline;\"><span style=\"color: #000000; text-decoration: underline;\">Tariffe per gli onorari pi\u00f9 comuni<\/span><\/span><\/p>\n\n\n\n<figure class=\"wp-block-table aligncenter is-style-stripes\" style=\"font-size:15px\"><table class=\"has-black-color has-text-color\"><tbody><tr><td class=\"has-text-align-left\" data-align=\"left\"><strong>Ricerca giuridica &#8211; udienza procedurale<\/strong><\/td><td>150\u20ac Iva esc.\/ora.<\/td><\/tr><tr><td class=\"has-text-align-left\" data-align=\"left\"><strong>Consulenza legale o HR &#8211; redazione \u2013 audit<\/strong><\/td><td>200\u20ac Iva esc.\/ora.<\/td><\/tr><tr><td class=\"has-text-align-left\" data-align=\"left\"><strong>Negoziazione &#8211; udienza di discussione<\/strong><\/td><td>250\u20ac Iva esc.\/ora.<\/td><\/tr><tr><td class=\"has-text-align-left\" data-align=\"left\"><strong>Consulenza fiscalit\u00e0 internazionale<\/strong><\/td><td>250\u20ac Iva esc.\/ora.<\/td><\/tr><\/tbody><\/table><\/figure>\n\n\n\n<p style=\"text-align: justify;\"><span style=\"color: #000000;\">L&rsquo;<strong>onorario di base pu\u00f2 essere fissato in base al tempo impiegato<\/strong> o <strong>su base forfettaria<\/strong> pi\u00f9, <strong>eventualmente, una commissione di performance<\/strong> basata sui profitti effettivamente ottenuti e recuperati o sui risparmi definitivamente acquisiti.<\/span><\/p>\n<p style=\"text-align: justify;\"><span style=\"color: #000000;\">L\u2019<strong>onorario di base sar\u00e0 fatturato a rate<\/strong>, con il <strong>pagamento della prima rata prima dell&rsquo;inizio del servizio.<\/strong> <strong>Tutti i corrispettivi saranno maggiorati, ove applicabile, dell&rsquo;IVA<\/strong> all&rsquo;aliquota in vigore alla data di fatturazione e <strong>pagati secondo le modalit\u00e0 previste dalla legge<\/strong> (es. bonifico bancario e contanti).<\/span><\/p>\n<p style=\"text-align: justify;\"><span style=\"color: #000000;\">Le spese in senso stretto si riferiscono alle spese sostenute dall&rsquo;avvocato nel corso della prestazione del servizio e sono soggette a IVA.<\/span><\/p>\n<p style=\"text-align: center;\"><span style=\"text-decoration: underline; color: #000000;\">Tariffe per le spese pi\u00f9 comuni<\/span><\/p>\n\n\n\n<figure class=\"wp-block-table aligncenter is-style-stripes\" style=\"font-size:15px\"><table class=\"has-black-color has-text-color\"><tbody><tr><td class=\"has-text-align-left\" data-align=\"left\"><strong>Viaggio<\/strong><br>1&lt;4 ore accessibile con i mezzi pubblici<\/td><td><br>biglietti di trasporto<\/td><\/tr><tr><td class=\"has-text-align-left\" data-align=\"left\">1&lt;4 ore non accessibile con i mezzi pubblici&nbsp; <\/td><td>spese di benzina<\/td><\/tr><tr><td class=\"has-text-align-left\" data-align=\"left\">&gt;4 ore accessibili con i mezzi pubblici&nbsp;<\/td><td>biglietti aerei (low-cost o classe economica)<\/td><\/tr><tr><td class=\"has-text-align-left\" data-align=\"left\"><strong>Spostamenti in citt\u00e0 <\/strong><\/td><td>biglietti per il trasporto pubblico o, se soggetti a particolari vincoli, taxi<\/td><\/tr><tr><td class=\"has-text-align-left\" data-align=\"left\"><strong>Hotel<\/strong><\/td><td>notte max.150 \u20ac<\/td><\/tr><tr><td class=\"has-text-align-left\" data-align=\"left\"><strong>Pasti <\/strong><\/td><td>pranzo: max. 20\u20ac<br>cena: max. 30 \u20ac<\/td><\/tr><tr><td class=\"has-text-align-left\" data-align=\"left\"><strong>Riproduzione documentale<\/strong> <\/td><td>10\u20ac\/100 pagine NB<\/td><\/tr><tr><td class=\"has-text-align-left\" data-align=\"left\"><strong>Spedizioni standard<\/strong><\/td><td>tariffe postali<\/td><\/tr><tr><td class=\"has-text-align-left\" data-align=\"left\"><strong>Spedizioni speciali<\/strong><\/td><td>concorrenza tra fornitori di servizi.<\/td><\/tr><\/tbody><\/table><\/figure>\n\n\n\n<p style=\"text-align: justify;\"><span style=\"color: #000000;\"><strong>Gli \u00ab&nbsp;d\u00e9bours&nbsp;\u00bb sono altre spese anticipate<\/strong> per conto del cliente e non soggetti a IVA (ad esempio, spese di costituzione in giudizio, spese di pubblicit\u00e0 legale, di cancelleria, di perizia o per gli ufficiali giudiziari).<\/span><\/p>\n<p style=\"text-align: justify;\"><span style=\"color: #000000;\">Va ricordato che <strong>se l&rsquo;azione legale ha successo, il giudice pu\u00f2 condannare la controparte a rimborsare<\/strong> in parte o nella loro totalit\u00e0 le spese sostenute dal cliente.<\/span><\/p>\n\n\n\n<h1 style=\"text-align: center;\"><span style=\"color: #044689;\"><strong>\u2234<\/strong><\/span><\/h1>\n\n\n\n<h2 style=\"text-align: justify;\"><span style=\"color: #044689;\">La <strong>DEONTOLOGIA<\/strong> : garanzia di <strong>QUALIT\u00c0 E TUTELA DEI VOSTRI INTERESSI<\/strong><\/span><\/h2>\n<p style=\"text-align: justify;\"><span style=\"color: #000000;\">Il <strong>nostro studio applica quotidianamente i principi essenziali<\/strong> della professione.<\/span><\/p>\n<h3><span style=\"text-decoration: underline; color: #032b64;\"><strong>IN FRANCIA<\/strong><\/span><\/h3>\n<p style=\"text-align: justify;\"><span style=\"color: #000000;\">\u00a0 \u00a0 \u00a0 \u00a0 \u00a0 \u00a0 \u00a0 \u00a0<span style=\"color: #808080;\">\u00ab\u00a0L&rsquo;avvocato <strong>deve svolgere le sue funzioni con dignit\u00e0, coscienza, indipendenza, probit\u00e0<\/strong> e umanit\u00e0, in conformit\u00e0 con i termini del suo giuramento.\u00a0Deve inoltre <strong>rispettare i principi di onore, lealt\u00e0, uguaglianza e non discriminazione, disinteresse<\/strong>, confraternita, delicatezza, moderazione e cortesia. Deve dimostrare <strong>competenza, dedizione, diligenza e prudenza nei confronti dei suoi clienti<\/strong>\u00ab\u00a0. Regolamento interno nazionale della professione forense, articolo 1.3.<\/span><\/span><\/p>\n<p>Per saperne di pi\u00f9 sulle <a href=\"https:\/\/www.cnb.avocat.fr\/fr\/reglement-interieur-national-de-la-profession-davocat-rin\" target=\"_blank\" rel=\"noopener\"><span style=\"text-decoration: underline;\"><strong>nostre regole deontologiche.<\/strong><\/span><\/a><\/p>\n<p style=\"text-align: justify;\"><span style=\"color: #000000;\">Qualsiasi infrazione alle leggi e ai regolamenti, qualsiasi violazione delle regole professionali, qualsiasi violazione della probit\u00e0, dell&rsquo;onore o della delicatezza, anche se riguarda questioni extra-professionali, <strong>espone l&rsquo;avvocato che l&rsquo;ha commessa a sanzioni disciplinari<\/strong>. Il Conseil de l&rsquo;Ordre du barreau de Paris, in qualit\u00e0 di commissione disciplinare, si occupa dei reati e degli illeciti commessi dagli avvocati iscritti all&rsquo;albo.<\/span><\/p>\n<p style=\"text-align: justify;\"><span style=\"color: #000000;\"><strong>Ogni cliente-consumatore<\/strong>, in caso di controversia relativa agli onorari dell&rsquo;avvocato, <strong>pu\u00f2 rivolgersi anche al mediatore dei consumatori per la professione forense<\/strong>, Signora Carole Pascarel, 180 boulevard Haussmann, 75008 Parigi (<a style=\"color: #000000;\" href=\"mailto:mediateur-conso@mediateur-consommation-avocat.fr\">mediateur-conso@mediateur-consommation-avocat.fr<\/a>).<\/span><\/p>\n\n\n\n<figure class=\"wp-block-image aligncenter size-full is-resized has-custom-border\"><a href=\"https:\/\/www.avocatparis.org\/\" target=\"_blank\" rel=\"noreferrer noopener\"><img loading=\"lazy\" decoding=\"async\" width=\"416\" height=\"153\" src=\"http:\/\/avocat-jouandon.com\/wp-content\/uploads\/2024\/01\/Logo-ecran-16-9e-1-e1704726911671.png\" alt=\"\" class=\"wp-image-2045\" style=\"border-radius:20px;width:192px;height:69px\" srcset=\"https:\/\/avocat-jouandon.com\/wp-content\/uploads\/2024\/01\/Logo-ecran-16-9e-1-e1704726911671.png 416w, https:\/\/avocat-jouandon.com\/wp-content\/uploads\/2024\/01\/Logo-ecran-16-9e-1-e1704726911671-300x110.png 300w\" sizes=\"(max-width: 416px) 100vw, 416px\" \/><\/a><\/figure>\n\n\n\n<h3 style=\"text-align: justify;\"><span style=\"text-decoration: underline; color: #032b64;\"><strong><span style=\"color: #044689;\">IN ITALIA<\/span><\/strong><\/span><\/h3>\n<p style=\"text-align: justify;\"><span style=\"color: #000000;\">\u00a0 \u00a0 \u00a0 \u00a0 \u00a0 \u00a0 \u00a0<\/span><span style=\"color: #808080;\">\u201cL\u2019avvocato deve <strong>esercitare l\u2019attivit\u00e0 professionale con indipendenza, lealt\u00e0, correttezza, probit\u00e0, dignit\u00e0, decoro, diligenza e competenza<\/strong>, tenendo conto del rilievo costituzionale e sociale della difesa, rispettando i principi della corretta e leale concorrenza.\u00a0L\u2019avvocato, <strong>anche al di fuori dell\u2019attivit\u00e0 professionale, deve osservare i doveri di probit\u00e0<\/strong>, dignit\u00e0 e decoro, nella salvaguardia della propria reputazione e della immagine della professione forense\u201d. Codice Deontologico Forense, articolo 9.<\/span><\/p>\n<p><span style=\"color: #000000;\">Per conoscere tutte <a style=\"color: #000000;\" href=\"https:\/\/www.consiglionazionaleforense.it\/codice-deontologico-forense\" target=\"_blank\" rel=\"noopener\"><strong>le regole deontologiche.<\/strong><\/a><\/span><\/p>\n<p style=\"text-align: justify;\"><span style=\"color: #000000;\">Il privato cittadino che intende contestare la condotta di un avvocato iscritto all\u2019Ordine degli Avvocati di Roma deve presentare <a style=\"color: #000000;\" href=\"https:\/\/www.ordineavvocatiroma.it\/faq\/faq-disciplina\/\" target=\"_blank\" rel=\"noopener\"><strong>un esposto<\/strong><\/a>.\u00a0<\/span><\/p>\n\n\n\n<figure class=\"wp-block-image aligncenter size-full is-resized has-custom-border\"><a href=\"https:\/\/www.ordineavvocatiroma.it\/\" target=\"_blank\" rel=\"noreferrer noopener\"><img loading=\"lazy\" decoding=\"async\" width=\"532\" height=\"306\" src=\"http:\/\/avocat-jouandon.com\/wp-content\/uploads\/2024\/09\/Coa-Icone-1.jpeg\" alt=\"\" class=\"wp-image-3109\" style=\"border-radius:20px;width:250px\" srcset=\"https:\/\/avocat-jouandon.com\/wp-content\/uploads\/2024\/09\/Coa-Icone-1.jpeg 532w, https:\/\/avocat-jouandon.com\/wp-content\/uploads\/2024\/09\/Coa-Icone-1-300x173.jpeg 300w\" sizes=\"(max-width: 532px) 100vw, 532px\" \/><\/a><\/figure>\n<\/div>\n<\/div>\n","protected":false},"excerpt":{"rendered":"<p>COMPENSO E DEONTOLOGIA Rispettiamo i TERMINI DEL NOSTRO ACCORDO Salvo casi di emergenza o di forza maggiore, prima dell&rsquo;inizio di qualsiasi tipo di servizio viene sistematicamente redatto un accordo sul compenso che definisce il nostro rapporto contrattuale. caratteristiche essenziali del servizio, descrizione dettagliata del lavoro essenziale, modalit\u00e0 di esecuzione del lavoro, importo e metodo di [&hellip;]<\/p>\n","protected":false},"author":1,"featured_media":0,"parent":0,"menu_order":0,"comment_status":"closed","ping_status":"open","template":"","meta":{"site-sidebar-layout":"default","site-content-layout":"","ast-site-content-layout":"","site-content-style":"default","site-sidebar-style":"default","ast-global-header-display":"","ast-banner-title-visibility":"","ast-main-header-display":"","ast-hfb-above-header-display":"","ast-hfb-below-header-display":"","ast-hfb-mobile-header-display":"","site-post-title":"disabled","ast-breadcrumbs-content":"","ast-featured-img":"","footer-sml-layout":"","theme-transparent-header-meta":"","adv-header-id-meta":"","stick-header-meta":"","header-above-stick-meta":"","header-main-stick-meta":"","header-below-stick-meta":"","astra-migrate-meta-layouts":"default","ast-page-background-enabled":"default","ast-page-background-meta":{"desktop":{"background-color":"var(--ast-global-color-4)","background-image":"","background-repeat":"repeat","background-position":"center center","background-size":"auto","background-attachment":"scroll","background-type":"","background-media":"","overlay-type":"","overlay-color":"","overlay-gradient":""},"tablet":{"background-color":"","background-image":"","background-repeat":"repeat","background-position":"center center","background-size":"auto","background-attachment":"scroll","background-type":"","background-media":"","overlay-type":"","overlay-color":"","overlay-gradient":""},"mobile":{"background-color":"","background-image":"","background-repeat":"repeat","background-position":"center center","background-size":"auto","background-attachment":"scroll","background-type":"","background-media":"","overlay-type":"","overlay-color":"","overlay-gradient":""}},"ast-content-background-meta":{"desktop":{"background-color":"var(--ast-global-color-5)","background-image":"","background-repeat":"repeat","background-position":"center center","background-size":"auto","background-attachment":"scroll","background-type":"","background-media":"","overlay-type":"","overlay-color":"","overlay-gradient":""},"tablet":{"background-color":"var(--ast-global-color-5)","background-image":"","background-repeat":"repeat","background-position":"center center","background-size":"auto","background-attachment":"scroll","background-type":"","background-media":"","overlay-type":"","overlay-color":"","overlay-gradient":""},"mobile":{"background-color":"var(--ast-global-color-5)","background-image":"","background-repeat":"repeat","background-position":"center center","background-size":"auto","background-attachment":"scroll","background-type":"","background-media":"","overlay-type":"","overlay-color":"","overlay-gradient":""}},"footnotes":""},"_links":{"self":[{"href":"https:\/\/avocat-jouandon.com\/index.php\/wp-json\/wp\/v2\/pages\/156"}],"collection":[{"href":"https:\/\/avocat-jouandon.com\/index.php\/wp-json\/wp\/v2\/pages"}],"about":[{"href":"https:\/\/avocat-jouandon.com\/index.php\/wp-json\/wp\/v2\/types\/page"}],"author":[{"embeddable":true,"href":"https:\/\/avocat-jouandon.com\/index.php\/wp-json\/wp\/v2\/users\/1"}],"replies":[{"embeddable":true,"href":"https:\/\/avocat-jouandon.com\/index.php\/wp-json\/wp\/v2\/comments?post=156"}],"version-history":[{"count":99,"href":"https:\/\/avocat-jouandon.com\/index.php\/wp-json\/wp\/v2\/pages\/156\/revisions"}],"predecessor-version":[{"id":3419,"href":"https:\/\/avocat-jouandon.com\/index.php\/wp-json\/wp\/v2\/pages\/156\/revisions\/3419"}],"wp:attachment":[{"href":"https:\/\/avocat-jouandon.com\/index.php\/wp-json\/wp\/v2\/media?parent=156"}],"curies":[{"name":"wp","href":"https:\/\/api.w.org\/{rel}","templated":true}]}}