{"id":10,"date":"2023-11-07T06:57:31","date_gmt":"2023-11-07T05:57:31","guid":{"rendered":"https:\/\/avocat-jouandon.com\/?page_id=10"},"modified":"2026-03-25T15:55:58","modified_gmt":"2026-03-25T14:55:58","slug":"home","status":"publish","type":"page","link":"https:\/\/avocat-jouandon.com\/","title":{"rendered":"Page accueil fr"},"content":{"rendered":"\n<div class=\"wp-block-columns is-layout-flex wp-container-core-columns-is-layout-1 wp-block-columns-is-layout-flex\" style=\"padding-top:var(--wp--preset--spacing--60);padding-bottom:var(--wp--preset--spacing--60)\">\n<div class=\"wp-block-column is-layout-flow wp-block-column-is-layout-flow\" style=\"flex-basis:33.33%\">\n<figure class=\"wp-block-image alignleft size-full is-resized has-custom-border\"><a href=\"https:\/\/avocat-jouandon.com\/index.php\/cabinet\/\"><img loading=\"lazy\" decoding=\"async\" width=\"379\" height=\"457\" src=\"http:\/\/avocat-jouandon.com\/wp-content\/uploads\/2024\/01\/Photo-Jouandon-e1704723946756.jpg\" alt=\"\" class=\"wp-image-1969\" style=\"border-radius:10px;width:auto;height:300px\" srcset=\"https:\/\/avocat-jouandon.com\/wp-content\/uploads\/2024\/01\/Photo-Jouandon-e1704723946756.jpg 379w, https:\/\/avocat-jouandon.com\/wp-content\/uploads\/2024\/01\/Photo-Jouandon-e1704723946756-249x300.jpg 249w\" sizes=\"(max-width: 379px) 100vw, 379px\" \/><\/a><\/figure>\n<\/div>\n\n\n\n<div class=\"wp-block-column is-layout-flow wp-block-column-is-layout-flow\" style=\"flex-basis:66.66%\">\n<h2><span style=\"color: #032b64;\"><strong>NOTRE CABINET<\/strong><\/span><\/h2>\n<p style=\"text-align: justify;\" data-start=\"80\" data-end=\"312\"><span style=\"color: #000000;\">Depuis Paris et Rome, nous accompagnons <strong>particuliers, entrepreneurs et PME fran\u00e7aises et italiennes<\/strong> dans leurs <strong>projets juridiques, fiscaux et patrimoniaux<\/strong>, avec des <strong>solutions simples, personnalis\u00e9es et concr\u00e8tes.<\/strong><\/span><\/p>\n<p style=\"text-align: justify;\" data-start=\"314\" data-end=\"634\"><span style=\"color: #000000;\">Marc Jouandon est <strong>avocat aux barreaux de Paris et de Rome.<\/strong> Fort de <strong>17 ans d\u2019exp\u00e9rience,<\/strong> il conseille notamment en <strong>structuration de soci\u00e9t\u00e9s, expatriation fiscale, gestion de patrimoine et immobilier, ainsi qu\u2019en droit du travail et des affaires<\/strong>, avec une expertise reconnue sur les relations entre la France et l\u2019Italie.<\/span><\/p>\n<\/div>\n<\/div>\n\n\n\n<div class=\"wp-block-columns are-vertically-aligned-center has-background is-layout-flex wp-container-core-columns-is-layout-2 wp-block-columns-is-layout-flex\" style=\"border-radius:15px;background-color:#002e5c;margin-bottom:0;padding-top:var(--wp--preset--spacing--30);padding-right:var(--wp--preset--spacing--30);padding-bottom:var(--wp--preset--spacing--30);padding-left:var(--wp--preset--spacing--30)\">\n<div class=\"wp-block-column is-vertically-aligned-center is-layout-flow wp-block-column-is-layout-flow\" style=\"flex-basis:40%\">\n<figure class=\"wp-block-image aligncenter size-full is-resized has-custom-border is-style-default\"><a href=\"https:\/\/avocat-jouandon.com\/index.php\/fiscalite-transfrontaliere-france-italie\/\"><img loading=\"lazy\" decoding=\"async\" width=\"1010\" height=\"509\" src=\"https:\/\/avocat-jouandon.com\/wp-content\/uploads\/2026\/03\/Icone-FR-IT-V2.png\" alt=\"\" class=\"wp-image-3263\" style=\"border-style:none;border-width:0px;border-radius:30px;width:300px\" srcset=\"https:\/\/avocat-jouandon.com\/wp-content\/uploads\/2026\/03\/Icone-FR-IT-V2.png 1010w, https:\/\/avocat-jouandon.com\/wp-content\/uploads\/2026\/03\/Icone-FR-IT-V2-300x151.png 300w, https:\/\/avocat-jouandon.com\/wp-content\/uploads\/2026\/03\/Icone-FR-IT-V2-768x387.png 768w\" sizes=\"(max-width: 1010px) 100vw, 1010px\" \/><\/a><\/figure>\n<\/div>\n\n\n\n<div class=\"wp-block-column is-vertically-aligned-center is-layout-flow wp-block-column-is-layout-flow\" style=\"flex-basis:60%\">\n<h2 style=\"text-align: center;\"><span style=\"color: #ffffff;\"><strong>EXPERT EN FISCALITE <\/strong><\/span><strong style=\"font-size: 1.66667rem; letter-spacing: 0px;\">TRANSFRONTALI\u00c8RE FRANCE-ITALIE<\/strong><\/h2>\n<p style=\"text-align: center;\"><span style=\"color: #ffffff;\"><strong>Avocat Paris &amp; Rome \u2022 Dipl\u00f4m\u00e9 en fiscalit\u00e9 internationale en Italie 2026 \u2022 Th\u00e8se sur la convention fiscale entre la France et l&rsquo;Italie du 5 octobre 1989<\/strong><\/span><\/p>\n<\/div>\n<\/div>\n\n\n\n<div class=\"wp-block-columns has-ast-global-color-5-background-color has-background is-layout-flex wp-container-core-columns-is-layout-3 wp-block-columns-is-layout-flex\" style=\"border-radius:15px;padding-top:var(--wp--preset--spacing--60);padding-bottom:var(--wp--preset--spacing--60)\">\n<div class=\"wp-block-column is-layout-flow wp-block-column-is-layout-flow\" style=\"flex-basis:33.33%\">\n<figure class=\"wp-block-image alignleft size-full is-resized has-custom-border\"><a href=\"https:\/\/avocat-jouandon.com\/index.php\/activite\/\"><img loading=\"lazy\" decoding=\"async\" width=\"791\" height=\"780\" src=\"http:\/\/avocat-jouandon.com\/wp-content\/uploads\/2023\/12\/4.jpg\" alt=\"\" class=\"wp-image-1522\" style=\"border-radius:10px;width:auto;height:300px\" srcset=\"https:\/\/avocat-jouandon.com\/wp-content\/uploads\/2023\/12\/4.jpg 791w, https:\/\/avocat-jouandon.com\/wp-content\/uploads\/2023\/12\/4-300x296.jpg 300w, https:\/\/avocat-jouandon.com\/wp-content\/uploads\/2023\/12\/4-768x757.jpg 768w\" sizes=\"(max-width: 791px) 100vw, 791px\" \/><\/a><\/figure>\n<\/div>\n\n\n\n<div class=\"wp-block-column is-layout-flow wp-block-column-is-layout-flow\" style=\"flex-basis:66.66%\">\n<h2><span style=\"color: #032b64;\"><strong>NOS AUTRES EXPERTISES<\/strong><\/span><\/h2>\n<p style=\"text-align: justify;\"><span style=\"color: #000000;\">En France et en Italie, nous\u00a0<strong>accompagnons les PME fran\u00e7aises et italiennes en droit de l\u2019entreprise<\/strong>\u00a0(soci\u00e9t\u00e9s et commercial, fiscalit\u00e9 et travail) \u00e0\u00a0<strong>toutes les \u00e9tapes de leur d\u00e9veloppement<\/strong>\u00a0avec une\u00a0<strong>connaissance pratique de l\u2019entreprise<\/strong>. Nous conseillons \u00e9galement\u00a0<strong>les particuliers sur les probl\u00e9matiques juridiques du quotidien<\/strong>\u00a0(administration, famille, patrimoine, emploi).<\/span><\/p>\n<p style=\"text-align: justify;\"><span style=\"color: #000000;\">Notre<strong>\u00a0activit\u00e9 entre les deux pays<\/strong>\u00a0garantit une c<strong>ontinuit\u00e9 dans la prise en charge<\/strong>\u00a0de votre situation, la\u00a0<strong>suppression des interm\u00e9diaires<\/strong>\u00a0co\u00fbteux et peu fiables, ainsi qu\u2019une\u00a0<strong>parfaite connaissance des lois nationales et des sp\u00e9cificit\u00e9s culturelles.<\/strong><\/span><\/p>\n<\/div>\n<\/div>\n\n\n\n<div class=\"wp-block-columns has-background is-layout-flex wp-container-core-columns-is-layout-4 wp-block-columns-is-layout-flex\" style=\"border-radius:15px;background-color:#f2f2f2;padding-top:var(--wp--preset--spacing--60);padding-bottom:var(--wp--preset--spacing--60)\">\n<div class=\"wp-block-column is-layout-flow wp-block-column-is-layout-flow\" style=\"flex-basis:33.33%\">\n<figure class=\"wp-block-image alignleft size-full is-resized has-custom-border\"><a href=\"https:\/\/avocat-jouandon.com\/index.php\/les-services\/\"><img loading=\"lazy\" decoding=\"async\" width=\"792\" height=\"780\" src=\"http:\/\/avocat-jouandon.com\/wp-content\/uploads\/2023\/12\/2.3.jpeg\" alt=\"\" class=\"wp-image-1490\" style=\"border-radius:10px;width:auto;height:300px\" srcset=\"https:\/\/avocat-jouandon.com\/wp-content\/uploads\/2023\/12\/2.3.jpeg 792w, https:\/\/avocat-jouandon.com\/wp-content\/uploads\/2023\/12\/2.3-300x295.jpeg 300w, https:\/\/avocat-jouandon.com\/wp-content\/uploads\/2023\/12\/2.3-768x756.jpeg 768w\" sizes=\"(max-width: 792px) 100vw, 792px\" \/><\/a><\/figure>\n<\/div>\n\n\n\n<div class=\"wp-block-column is-layout-flow wp-block-column-is-layout-flow\" style=\"flex-basis:66.66%\">\n<h2><span style=\"color: #032b64;\"><strong>NOS SERVICES<\/strong><\/span><\/h2>\n<p style=\"text-align: justify;\"><span style=\"color: #000000;\">Nous proposons une\u00a0<strong>gamme compl\u00e8te de services en France et en Italie<\/strong> : conseil juridique et r\u00e9daction, n\u00e9gociation, assistance et repr\u00e9sentation en justice.<\/span><\/p>\n<p style=\"text-align: justify;\"><span style=\"color: #000000;\">Au s<strong>ervice des PME fran\u00e7aises et italiennes, nous contribuons \u00e0 l\u2019am\u00e9lioration continue des pratiques sociales<\/strong> : gestion des ressources humaines, audit des pratiques sociales et formation du personnel.<\/span><\/p>\n<\/div>\n<\/div>\n\n\n\n<div class=\"wp-block-columns is-layout-flex wp-container-core-columns-is-layout-5 wp-block-columns-is-layout-flex\" style=\"padding-top:var(--wp--preset--spacing--60);padding-bottom:var(--wp--preset--spacing--60)\">\n<div class=\"wp-block-column is-layout-flow wp-block-column-is-layout-flow\" style=\"flex-basis:33.33%\">\n<figure class=\"wp-block-image alignleft size-full is-resized has-custom-border\"><a href=\"https:\/\/avocat-jouandon.com\/index.php\/engagements\/\"><img loading=\"lazy\" decoding=\"async\" width=\"780\" height=\"791\" src=\"http:\/\/avocat-jouandon.com\/wp-content\/uploads\/2023\/12\/3.1.jpg\" alt=\"\" class=\"wp-image-1521\" style=\"border-radius:10px;width:auto;height:300px\" srcset=\"https:\/\/avocat-jouandon.com\/wp-content\/uploads\/2023\/12\/3.1.jpg 780w, https:\/\/avocat-jouandon.com\/wp-content\/uploads\/2023\/12\/3.1-296x300.jpg 296w, https:\/\/avocat-jouandon.com\/wp-content\/uploads\/2023\/12\/3.1-768x779.jpg 768w\" sizes=\"(max-width: 780px) 100vw, 780px\" \/><\/a><\/figure>\n<\/div>\n\n\n\n<div class=\"wp-block-column is-layout-flow wp-block-column-is-layout-flow\" style=\"flex-basis:66.66%\">\n<h2><span style=\"color: #032b64;\"><strong>NOS ENGAGEMENTS<\/strong><\/span><\/h2>\n<p style=\"text-align: justify;\"><span style=\"color: #000000;\">Notre cabinet\u00a0<strong>noue avec ses clients un lien de confiance et de respect durable<\/strong>\u00a0fond\u00e9 sur des\u00a0<strong>m\u00e9thodes de travail transparentes et lisibles<\/strong>. Notre\u00a0<strong>structure est agile<\/strong>\u00a0pour un service de\u00a0<strong>haute qualit\u00e9 \u00e0 un prix raisonnable.<\/strong><\/span><\/p>\n<p style=\"text-align: justify;\"><span style=\"color: #000000;\">Nous\u00a0<strong>agissons dans les limites de votre accord<\/strong>\u00a0et de r\u00e8gles\u00a0<strong>d\u00e9ontologiques strictes<\/strong>.<\/span><\/p>\n<\/div>\n<\/div>\n","protected":false},"excerpt":{"rendered":"<p>NOTRE CABINET Depuis Paris et Rome, nous accompagnons particuliers, entrepreneurs et PME fran\u00e7aises et italiennes dans leurs projets juridiques, fiscaux et patrimoniaux, avec des solutions simples, personnalis\u00e9es et concr\u00e8tes. Marc Jouandon est avocat aux barreaux de Paris et de Rome. Fort de 17 ans d\u2019exp\u00e9rience, il conseille notamment en structuration de soci\u00e9t\u00e9s, expatriation fiscale, gestion [&hellip;]<\/p>\n","protected":false},"author":1,"featured_media":0,"parent":0,"menu_order":0,"comment_status":"closed","ping_status":"closed","template":"","meta":{"site-sidebar-layout":"default","site-content-layout":"","ast-site-content-layout":"","site-content-style":"default","site-sidebar-style":"default","ast-global-header-display":"","ast-banner-title-visibility":"","ast-main-header-display":"","ast-hfb-above-header-display":"","ast-hfb-below-header-display":"","ast-hfb-mobile-header-display":"","site-post-title":"disabled","ast-breadcrumbs-content":"","ast-featured-img":"","footer-sml-layout":"","theme-transparent-header-meta":"","adv-header-id-meta":"","stick-header-meta":"","header-above-stick-meta":"","header-main-stick-meta":"","header-below-stick-meta":"","astra-migrate-meta-layouts":"","ast-page-background-enabled":"default","ast-page-background-meta":{"desktop":{"background-color":"var(--ast-global-color-4)","background-image":"","background-repeat":"repeat","background-position":"center center","background-size":"auto","background-attachment":"scroll","background-type":"","background-media":"","overlay-type":"","overlay-color":"","overlay-gradient":""},"tablet":{"background-color":"","background-image":"","background-repeat":"repeat","background-position":"center center","background-size":"auto","background-attachment":"scroll","background-type":"","background-media":"","overlay-type":"","overlay-color":"","overlay-gradient":""},"mobile":{"background-color":"","background-image":"","background-repeat":"repeat","background-position":"center center","background-size":"auto","background-attachment":"scroll","background-type":"","background-media":"","overlay-type":"","overlay-color":"","overlay-gradient":""}},"ast-content-background-meta":{"desktop":{"background-color":"var(--ast-global-color-5)","background-image":"","background-repeat":"repeat","background-position":"center center","background-size":"auto","background-attachment":"scroll","background-type":"","background-media":"","overlay-type":"","overlay-color":"","overlay-gradient":""},"tablet":{"background-color":"var(--ast-global-color-5)","background-image":"","background-repeat":"repeat","background-position":"center center","background-size":"auto","background-attachment":"scroll","background-type":"","background-media":"","overlay-type":"","overlay-color":"","overlay-gradient":""},"mobile":{"background-color":"var(--ast-global-color-5)","background-image":"","background-repeat":"repeat","background-position":"center center","background-size":"auto","background-attachment":"scroll","background-type":"","background-media":"","overlay-type":"","overlay-color":"","overlay-gradient":""}},"footnotes":""},"_links":{"self":[{"href":"https:\/\/avocat-jouandon.com\/index.php\/wp-json\/wp\/v2\/pages\/10"}],"collection":[{"href":"https:\/\/avocat-jouandon.com\/index.php\/wp-json\/wp\/v2\/pages"}],"about":[{"href":"https:\/\/avocat-jouandon.com\/index.php\/wp-json\/wp\/v2\/types\/page"}],"author":[{"embeddable":true,"href":"https:\/\/avocat-jouandon.com\/index.php\/wp-json\/wp\/v2\/users\/1"}],"replies":[{"embeddable":true,"href":"https:\/\/avocat-jouandon.com\/index.php\/wp-json\/wp\/v2\/comments?post=10"}],"version-history":[{"count":227,"href":"https:\/\/avocat-jouandon.com\/index.php\/wp-json\/wp\/v2\/pages\/10\/revisions"}],"predecessor-version":[{"id":3426,"href":"https:\/\/avocat-jouandon.com\/index.php\/wp-json\/wp\/v2\/pages\/10\/revisions\/3426"}],"wp:attachment":[{"href":"https:\/\/avocat-jouandon.com\/index.php\/wp-json\/wp\/v2\/media?parent=10"}],"curies":[{"name":"wp","href":"https:\/\/api.w.org\/{rel}","templated":true}]}}